 27269341 a multiple of 2?
False
Is 142434239 even?
False
Is 575253480 a multiple of 120?
True
Is 598512088 a multiple of 2107?
False
Is 257737578 a multiple of 97?
False
Is 1506 a factor of 1317254925?
False
Is 48 a factor of 26207424?
True
Is 685929342 a multiple of 294?
True
Is 16542167 a multiple of 213?
False
Is 161187795 a multiple of 1009?
False
Does 122 divide 1087151272?
True
Is 16 a factor of 3519808?
True
Is 34413471 a multiple of 27?
True
Does 33 divide 48567676?
False
Does 3166 divide 205619036?
True
Does 2187 divide 6042449178?
True
Is 19370348 a multiple of 4?
True
Is 47 a factor of 110963522?
True
Is 9 a factor of 17292735?
True
Is 28301760 a multiple of 20?
True
Does 10 divide 5671022?
False
Is 160 a factor of 2510494720?
True
Does 7686 divide 638944866?
True
Does 17 divide 7698638?
False
Is 43513600 a multiple of 6400?
True
Does 1133 divide 382115580?
True
Is 830 a factor of 11891720?
False
Is 83 a factor of 145526875?
False
Is 216 a factor of 949198261?
False
Is 4773101552 a multiple of 115?
False
Is 156786189 a multiple of 1371?
True
Does 332 divide 25164666?
False
Does 2764 divide 62603355?
False
Does 50 divide 11693450?
True
Is 233 a factor of 1350498989?
True
Is 116861465 a multiple of 35?
True
Does 671 divide 248761051?
False
Is 644 a factor of 365315440?
True
Is 109 a factor of 129729174?
False
Is 16 a factor of 622903904?
True
Is 33 a factor of 439243134?
True
Is 43 a factor of 4124608?
False
Is 82 a factor of 321472?
False
Is 31713426 a multiple of 31?
False
Is 1417621493 a multiple of 2226?
False
Is 15303215 a multiple of 5?
True
Is 574 a factor of 328546307?
False
Is 21349393 a multiple of 40?
False
Is 57 a factor of 260861754?
True
Is 36182180 a multiple of 18?
False
Is 79 a factor of 511876573?
False
Is 635758292 a multiple of 1612?
True
Is 11211772 a multiple of 52?
True
Is 18611195 a multiple of 98?
False
Is 3641214 a multiple of 302?
True
Is 45550626 a multiple of 1702?
True
Is 1116 a factor of 7619788?
False
Does 30 divide 199169655?
False
Does 5104 divide 4145747866?
False
Is 39 a factor of 55382383?
False
Is 2 a factor of 1997030?
True
Is 583954217 a multiple of 118?
False
Is 5143 a factor of 2386717153?
True
Is 20256480 a multiple of 127?
False
Is 501310778 a multiple of 23?
False
Is 29 a factor of 13213158?
False
Is 3 a factor of 144253875?
True
Is 2232 a factor of 78416856?
True
Does 91 divide 18561270?
True
Is 321 a factor of 100180711?
False
Does 49 divide 119431976?
False
Is 46847703 a multiple of 5446?
False
Does 89 divide 137183628?
False
Is 186838036 a multiple of 7?
True
Is 23 a factor of 517207801?
False
Is 164 a factor of 95277440?
True
Does 133 divide 386219530?
False
Is 6 a factor of 43776624?
True
Is 1622 a factor of 21112836?
False
Does 1503 divide 148633575?
False
Does 132 divide 6482784?
True
Is 184217202 a multiple of 22?
False
Is 27076287 a multiple of 214?
False
Is 12680268 a multiple of 138?
True
Is 138 a factor of 405584916?
False
Is 5839 a factor of 2920832739?
False
Is 81 a factor of 56019683?
False
Is 596 a factor of 129852352?
False
Does 4 divide 104683699?
False
Does 27 divide 93372290?
False
Is 99515544 a multiple of 94?
True
Is 50960793 a multiple of 437?
False
Does 98 divide 49227654?
True
Does 9 divide 29502315?
True
Is 727 a factor of 117322533?
True
Is 98 a factor of 1086943861?
False
Is 8 a factor of 52938238?
False
Does 6 divide 148025664?
True
Is 216 a factor of 2851163?
False
Does 7 divide 1675899?
False
Is 9196056 a multiple of 784?
False
Is 210 a factor of 56535273?
False
Does 131 divide 259434889?
True
Is 6 a factor of 71690338?
False
Is 17 a factor of 11013888?
False
Does 1358 divide 2418728368?
True
Is 203950133 a multiple of 74?
False
Does 131 divide 19084105?
False
Does 161 divide 51873558?
False
Does 1064 divide 15892981?
False
Does 175 divide 38781509?
False
Is 18 a factor of 82999156?
False
Does 968 divide 12270276?
False
Is 390851186 a multiple of 31?
False
Is 5288 a factor of 109049136?
True
Is 751265 a multiple of 59?
False
Is 5 a factor of 3743312?
False
Does 447 divide 159920955?
True
Is 1392 a factor of 201207829?
False
Is 31285648 a multiple of 16?
True
Does 18 divide 92906658?
True
Does 36 divide 107534700?
True
Is 127 a factor of 1532509?
True
Is 131 a factor of 615019193?
True
Does 846 divide 29712366?
True
Is 11 a factor of 763188859?
False
Is 16 a factor of 20645392?
True
Is 169401744 a multiple of 628?
True
Is 15 a factor of 11814147?
False
Does 1328 divide 21886746?
False
Is 18 a factor of 359013402?
True
Is 33 a factor of 185063472?
True
Is 23298716 a multiple of 4?
True
Is 20434464 a multiple of 54?
True
Does 647 divide 861622840?
True
Is 604500420 a multiple of 12?
True
Is 155 a factor of 1097865000?
True
Does 1633 divide 33670827?
True
Is 235452564 a multiple of 19?
False
Is 667 a factor of 5254740724?
True
Is 1065489463 a multiple of 9?
False
Is 32589155 a multiple of 632?
False
Is 13 a factor of 56167592?
True
Is 814 a factor of 79658854?
True
Is 362 a factor of 402555?
False
Does 6 divide 274299576?
True
Does 193 divide 373748939?
True
Does 100 divide 11435100?
True
Is 16502820 a multiple of 4?
True
Is 411688569 a multiple of 23?
True
Is 341 a factor of 68517471?
True
Does 219 divide 1314002847?
True
Is 2 a factor of 124679187?
False
Is 47619784 a multiple of 251?
False
Is 32889602 a multiple of 71?
False
Does 485 divide 108054605?
True
Does 2 divide 43422800?
True
Is 2 a factor of 138436?
True
Is 96 a factor of 477477041?
False
Is 3 a factor of 822311?
False
Does 42 divide 24989916?
True
Is 123324718 a multiple of 36?
False
Does 3509 divide 2248590900?
False
Is 30382185 a multiple of 335?
False
Does 17 divide 105127921?
False
Is 131 a factor of 44492185?
True
Is 3 a factor of 11747517?
True
Is 13 a factor of 37413013?
False
Does 4 divide 271097788?
True
Is 21465542 a multiple of 22?
False
Does 63 divide 571526875?
False
Is 3230245632 a multiple of 2432?
True
Does 3 divide 22952458?
False
Is 1377895280 a multiple of 7?
False
Is 6 a factor of 18379615?
False
Is 266493102 a multiple of 11?
False
Does 17 divide 8962707?
False
Is 335 a factor of 38199045?
True
Is 366843772 a multiple of 7718?
False
Does 11995 divide 2303267905?
True
Is 1015 a factor of 84327110?
False
Is 14592975 a multiple of 246?
False
Does 247 divide 159101422?
False
Is 296 a factor of 1316622570?
False
Does 2312 divide 62307766?
False
Is 385043029 a multiple of 125?
False
Is 4066 a factor of 312850238?
True
Is 31 a factor of 10358340?
True
Is 249 a factor of 130626645?
True
Is 53822818 a multiple of 17?
False
Is 962625114 a multiple of 318?
True
Is 166 a factor of 501227206?
True
Is 7098 a factor of 379593942?
True
Is 847 a factor of 62471332?
True
Is 3435950 a multiple of 10?
True
Is 872850530 a multiple of 347?
False
Is 240547440 a multiple of 655?
True
Is 27 a factor of 23160843?
True
Is 306 a factor of 131928534?
True
Is 959894 even?
True
Does 268 divide 592075333?
False
Is 7013160 a multiple of 414?
True
Does 951 divide 425522097?
True
Does 7153 divide 592148881?
False
Is 39730080 a multiple of 24?
True
Is 516 a factor of 34666270?
False
Is 135 a factor of 587955650?
False
Does 42 divide 131826911?
False
Does 11 divide 50413701?
False
Does 918 divide 366764868?
True
Is 11 a factor of 262958322?
True
Is 6 a factor of 2123525?
False
Is 408274433 a multiple of 287?
True
Does 46 divide 44054102?
False
Is 231 a factor of 26618680?
False
Is 64384112 a multiple of 15?
False
Does 88 divide 10803081?
False
Does 593 divide 1135032405?
False
Does 123 divide 1113396?
True
Is 1313 a factor of 1054245777?
True
Is 16008240 a multiple of 307?
False
Is 66871735 even?
False
Is 772607730 a multiple of 111?
True
Is 21391116 a multiple of 137?
False
Does 129 divide 598675068?
True
Is 168 a factor of 61209718?
False
Is 877503510 a multiple of 351?
True
Is 526699611 a multiple of 149?
False
Does 2743 divide 139264853?
True
Does 2683 divide 34907648?
False
Is 119 a factor of 274657146?
False
Is 1841 a factor of 2590309092?
True
Is 26 a factor of 88116267?
False
Does 6 divide 164684538?
True
Does 51 divide 74057559?
True
Is 75299619 a multiple of 530?
False
Is 3 a factor of 48353371?
False
Does 187 divide 67562726?
True
Does 233 divide 14337422?
True
Is 14 a factor of 9934738?
False
Is 2